{"id":30,"date":"2022-05-02T09:56:34","date_gmt":"2022-05-02T09:56:34","guid":{"rendered":"https:\/\/vsbromberg.ac.at\/?page_id=30"},"modified":"2026-03-30T20:06:06","modified_gmt":"2026-03-30T20:06:06","slug":"termine","status":"publish","type":"page","link":"https:\/\/vsbromberg.ac.at\/?page_id=30","title":{"rendered":"Termine"},"content":{"rendered":"\n<p class=\"has-light-orange-color has-text-color has-link-color has-medium-font-size wp-elements-6aca696796e731f14dd38c74835b20d7\"><br><strong>Herzlich willkommen im neuen Schuljahr 2025\/26!<\/strong><\/p>\n\n\n\n<p class=\"has-medium-font-size\"><strong>01.09.2025:<\/strong> 1. Schultag mit Schulmesse um 08.00 Uhr in der Bergkirche<\/p>\n\n\n\n<p class=\"has-medium-font-size\"><strong>04.09.2025:<\/strong> 17.30 Uhr Klassenforum<\/p>\n\n\n\n<p class=\"has-medium-font-size\"><strong>06.10.2025:<\/strong> Verkehrserziehung f\u00fcr die 1. Schulstufe<\/p>\n\n\n\n<p class=\"has-medium-font-size\"><strong>20.10.2025:<\/strong> Helmi kommt zur 1. und 2. Schulstufe.<\/p>\n\n\n\n<p class=\"has-medium-font-size\"><strong>24.10.2025:<\/strong> Tag der offenen T\u00fcr an der Mittelschule Scheiblingkirchen f\u00fcr die 4. Schulstufe.<\/p>\n\n\n\n<p class=\"has-red-color has-text-color has-link-color has-medium-font-size wp-elements-02f9fa15b8ecab1836d8c5129411e7b7\"><strong>27.10.2025 bis 02.11.2025   HERBSTFERIEN<\/strong><\/p>\n\n\n\n<p class=\"has-medium-font-size\"><strong>07.11.2025:<\/strong> Kroko kommt zu uns.<\/p>\n\n\n\n<p class=\"has-medium-font-size\"><strong>19.11.2025:<\/strong> Bewegte Klasse<\/p>\n\n\n\n<p class=\"has-medium-font-size\"><strong>01.12.2025: <\/strong>Eislaufen in Ternitz<\/p>\n\n\n\n<p class=\"has-red-color has-text-color has-link-color has-medium-font-size wp-elements-4cb9c2ad8722d6eea8c4a1e77cf8f71c\"><strong>08.12.2025 MARIA EMPF\u00c4NGNIS &#8211; schulfrei<\/strong><\/p>\n\n\n\n<p class=\"has-medium-font-size\"><strong>12.12.2025:<\/strong> 17.00 Uhr Adventfeier im Turnsaal<\/p>\n\n\n\n<p class=\"has-medium-font-size\"><strong>17.12.2025:<\/strong> Fahrt ins Stadttheater Wr. Neustadt zum M\u00e4rchenmusical &#8222;Die goldene Gans&#8220;<\/p>\n\n\n\n<p class=\"has-medium-font-size\"><strong>19.12.2025:<\/strong> Bewegte Klasse<\/p>\n\n\n\n<p class=\"has-medium-font-size\"><strong>23.12.2025:<\/strong> 06.30 Uhr Rorate in der Bergkirche und Weihnachtskonzert der Musikschulkinder<\/p>\n\n\n\n<p class=\"has-red-color has-text-color has-medium-font-size\"><strong>24.12.2025 bis 06.01.2026   WEIHNACHTSFERIEN<\/strong><\/p>\n\n\n\n<p class=\"has-medium-font-size\"><strong>12.01.2026: <\/strong>Schuleinschreibung<\/p>\n\n\n\n<p class=\"has-medium-font-size\"><strong>21.01.2026:<\/strong> Der Fotograf Starkl kommt in die Schule.<\/p>\n\n\n\n<p class=\"has-medium-font-size\"><strong>28.01.2026:<\/strong> Bewegte Klasse<\/p>\n\n\n\n<p class=\"has-medium-font-size\"><strong>30.01.2026:<\/strong> Schulnachricht<\/p>\n\n\n\n<p class=\"has-red-color has-text-color has-medium-font-size\"><strong>02.02.2026 bis 08.02.2026   SEMESTERFERIEN<\/strong><\/p>\n\n\n\n<p class=\"has-medium-font-size\"><strong>09.02.2026: <\/strong>Happy Kids-Lesung mit Martin Hahn<\/p>\n\n\n\n<p class=\"has-medium-font-size\"><strong>17.02.2026:<\/strong> Talente Show im Turnsaal<\/p>\n\n\n\n<p class=\"has-medium-font-size\"><strong>24.02.2026: <\/strong>Die Kinder der 3. und 4. Sst. besichtigen St. P\u00f6lten<\/p>\n\n\n\n<p class=\"has-medium-font-size\"><strong>27.02.2026: <\/strong>Fit4Reanimation f\u00fcr die 3. und 4. Sst.<\/p>\n\n\n\n<p class=\"has-medium-font-size\"><strong>04.03.2026:<\/strong> Bewegte Klasse<\/p>\n\n\n\n<p class=\"has-medium-font-size\"><strong>25.03.2026:<\/strong> Die Kinder der 1. und 4. Sst. fahren zur Zahn\u00e4rztin Dr. Holnsteiner.<\/p>\n\n\n\n<p class=\"has-medium-font-size\"><strong>27.03.2026:<\/strong> Kroko kommt zu uns.<\/p>\n\n\n\n<p class=\"has-red-color has-text-color has-link-color has-medium-font-size wp-elements-2d850aa7ac87221306415623e6bbd200\"><strong>30.03.2026 bis 06.04.2026 OSTERFERIEN<\/strong><\/p>\n\n\n\n<p class=\"has-medium-font-size\"><strong>09.04.2026: <\/strong>Bezirksjugendsingen in Kirchschlag<\/p>\n\n\n\n<p class=\"has-medium-font-size\"><strong>13.04.2026:<\/strong> Training mit Spielern des Fu\u00dfballclubs Admira Wacker<\/p>\n\n\n\n<p class=\"has-medium-font-size\"><strong>26.04.2026:<\/strong> 10.00 Uhr Erstkommunion<\/p>\n\n\n\n<p class=\"has-red-color has-text-color has-link-color has-medium-font-size wp-elements-15e7469768ab94cd855eee23df31e9ba\"><strong>01.05.2026  1. MAI &#8211; schulfrei<\/strong><\/p>\n\n\n\n<p class=\"has-medium-font-size\"><strong>04.05.2026: <\/strong>S\u00fcdwind-Workshop &#8222;Was isst die Welt?&#8220;<\/p>\n\n\n\n<p class=\"has-medium-font-size\"><strong>11.05.2026:<\/strong> Wilder Wind-Workshop f\u00fcr die 3. und 4. Schulstufe<\/p>\n\n\n\n<p class=\"has-red-color has-text-color has-link-color has-medium-font-size wp-elements-36838e53c90b636b52079563a8c4554b\"><strong>14.05.2026 CHRISTI HIMMELFAHRT &#8211; schulfrei<\/strong> <\/p>\n\n\n\n<p class=\"has-red-color has-text-color has-link-color has-medium-font-size wp-elements-fd8cef2cad422bc0afd9f75c769bbf68\"><strong>25.05.2026 PFINGSTMONTAG &#8211; schulfrei<\/strong><\/p>\n\n\n\n<p class=\"has-medium-font-size\"><strong>03.06.2026:<\/strong> Bewegte Klasse<\/p>\n\n\n\n<p class=\"has-red-color has-text-color has-link-color has-medium-font-size wp-elements-50c9d00d90d6b1bd883a7ccb8321a272\"><strong>04.06.2026 FRONLEICHNAM &#8211; schulfrei<\/strong><\/p>\n\n\n\n<p class=\"has-red-color has-text-color has-link-color has-medium-font-size wp-elements-7e99e4e52aa78c15b79de1ee850cc205\"><strong>05.06.2026 SCHULAUTONOMER FREIER TAG<\/strong><\/p>\n\n\n\n<p class=\"has-medium-font-size\"><strong>19.06.2026: <\/strong>Fahrt zum Keltenfest nach Schwarzenbach<\/p>\n\n\n\n<p class=\"has-text-align-left has-medium-font-size\">                         Spielefest des Elternvereins<\/p>\n\n\n\n<p class=\"has-medium-font-size\"><strong>03.07.2026: <\/strong>Zeugnis<\/p>\n\n\n\n<p><\/p>\n","protected":false},"excerpt":{"rendered":"<p>Herzlich willkommen im neuen Schuljahr 2025\/26! 01.09.2025: 1. Schultag mit Schulmesse um 08.00 Uhr in der Bergkirche 04.09.2025: 17.30 Uhr Klassenforum 06.10.2025: Verkehrserziehung f\u00fcr die 1. Schulstufe 20.10.2025: Helmi kommt zur 1. und 2. Schulstufe. 24.10.2025: Tag der offenen T\u00fcr an der Mittelschule Scheiblingkirchen f\u00fcr die 4. Schulstufe. 27.10.2025 bis 02.11.2025 HERBSTFERIEN 07.11.2025: Kroko kommt &hellip; <a href=\"https:\/\/vsbromberg.ac.at\/?page_id=30\" class=\"more-link\"><span class=\"screen-reader-text\">Termine<\/span> weiterlesen <span class=\"meta-nav\">&rarr;<\/span><\/a><\/p>\n","protected":false},"author":1,"featured_media":0,"parent":0,"menu_order":0,"comment_status":"closed","ping_status":"closed","template":"","meta":{"footnotes":""},"class_list":["post-30","page","type-page","status-publish","hentry"],"_links":{"self":[{"href":"https:\/\/vsbromberg.ac.at\/index.php?rest_route=\/wp\/v2\/pages\/30","targetHints":{"allow":["GET"]}}],"collection":[{"href":"https:\/\/vsbromberg.ac.at\/index.php?rest_route=\/wp\/v2\/pages"}],"about":[{"href":"https:\/\/vsbromberg.ac.at\/index.php?rest_route=\/wp\/v2\/types\/page"}],"author":[{"embeddable":true,"href":"https:\/\/vsbromberg.ac.at\/index.php?rest_route=\/wp\/v2\/users\/1"}],"replies":[{"embeddable":true,"href":"https:\/\/vsbromberg.ac.at\/index.php?rest_route=%2Fwp%2Fv2%2Fcomments&post=30"}],"version-history":[{"count":38,"href":"https:\/\/vsbromberg.ac.at\/index.php?rest_route=\/wp\/v2\/pages\/30\/revisions"}],"predecessor-version":[{"id":1840,"href":"https:\/\/vsbromberg.ac.at\/index.php?rest_route=\/wp\/v2\/pages\/30\/revisions\/1840"}],"wp:attachment":[{"href":"https:\/\/vsbromberg.ac.at\/index.php?rest_route=%2Fwp%2Fv2%2Fmedia&parent=30"}],"curies":[{"name":"wp","href":"https:\/\/api.w.org\/{rel}","templated":true}]}}

<p class="has-light-orange-color has-text-color has-link-color has-medium-font-size wp-elements-6aca696796e731f14dd38c74835b20d7"><br><strong>Herzlich willkommen im neuen Schuljahr 2025/26!</strong></p>



<p class="has-medium-font-size"><strong>01.09.2025:</strong> 1. Schultag mit Schulmesse um 08.00 Uhr in der Bergkirche</p>



<p class="has-medium-font-size"><strong>04.09.2025:</strong> 17.30 Uhr Klassenforum</p>



<p class="has-medium-font-size"><strong>06.10.2025:</strong> Verkehrserziehung für die 1. Schulstufe</p>



<p class="has-medium-font-size"><strong>20.10.2025:</strong> Helmi kommt zur 1. und 2. Schulstufe.</p>



<p class="has-medium-font-size"><strong>24.10.2025:</strong> Tag der offenen Tür an der Mittelschule Scheiblingkirchen für die 4. Schulstufe.</p>



<p class="has-red-color has-text-color has-link-color has-medium-font-size wp-elements-02f9fa15b8ecab1836d8c5129411e7b7"><strong>27.10.2025 bis 02.11.2025   HERBSTFERIEN</strong></p>



<p class="has-medium-font-size"><strong>07.11.2025:</strong> Kroko kommt zu uns.</p>



<p class="has-medium-font-size"><strong>19.11.2025:</strong> Bewegte Klasse</p>



<p class="has-medium-font-size"><strong>01.12.2025: </strong>Eislaufen in Ternitz</p>



<p class="has-red-color has-text-color has-link-color has-medium-font-size wp-elements-4cb9c2ad8722d6eea8c4a1e77cf8f71c"><strong>08.12.2025 MARIA EMPFÄNGNIS &#8211; schulfrei</strong></p>



<p class="has-medium-font-size"><strong>12.12.2025:</strong> 17.00 Uhr Adventfeier im Turnsaal</p>



<p class="has-medium-font-size"><strong>17.12.2025:</strong> Fahrt ins Stadttheater Wr. Neustadt zum Märchenmusical &#8222;Die goldene Gans&#8220;</p>



<p class="has-medium-font-size"><strong>19.12.2025:</strong> Bewegte Klasse</p>



<p class="has-medium-font-size"><strong>23.12.2025:</strong> 06.30 Uhr Rorate in der Bergkirche und Weihnachtskonzert der Musikschulkinder</p>



<p class="has-red-color has-text-color has-medium-font-size"><strong>24.12.2025 bis 06.01.2026   WEIHNACHTSFERIEN</strong></p>



<p class="has-medium-font-size"><strong>12.01.2026: </strong>Schuleinschreibung</p>



<p class="has-medium-font-size"><strong>21.01.2026:</strong> Der Fotograf Starkl kommt in die Schule.</p>



<p class="has-medium-font-size"><strong>28.01.2026:</strong> Bewegte Klasse</p>



<p class="has-medium-font-size"><strong>30.01.2026:</strong> Schulnachricht</p>



<p class="has-red-color has-text-color has-medium-font-size"><strong>02.02.2026 bis 08.02.2026   SEMESTERFERIEN</strong></p>



<p class="has-medium-font-size"><strong>09.02.2026: </strong>Happy Kids-Lesung mit Martin Hahn</p>



<p class="has-medium-font-size"><strong>17.02.2026:</strong> Talente Show im Turnsaal</p>



<p class="has-medium-font-size"><strong>24.02.2026: </strong>Die Kinder der 3. und 4. Sst. besichtigen St. Pölten</p>



<p class="has-medium-font-size"><strong>27.02.2026: </strong>Fit4Reanimation für die 3. und 4. Sst.</p>



<p class="has-medium-font-size"><strong>04.03.2026:</strong> Bewegte Klasse</p>



<p class="has-medium-font-size"><strong>25.03.2026:</strong> Die Kinder der 1. und 4. Sst. fahren zur Zahnärztin Dr. Holnsteiner.</p>



<p class="has-medium-font-size"><strong>27.03.2026:</strong> Kroko kommt zu uns.</p>



<p class="has-red-color has-text-color has-link-color has-medium-font-size wp-elements-2d850aa7ac87221306415623e6bbd200"><strong>30.03.2026 bis 06.04.2026 OSTERFERIEN</strong></p>



<p class="has-medium-font-size"><strong>09.04.2026: </strong>Bezirksjugendsingen in Kirchschlag</p>



<p class="has-medium-font-size"><strong>13.04.2026:</strong> Training mit Spielern des Fußballclubs Admira Wacker</p>



<p class="has-medium-font-size"><strong>26.04.2026:</strong> 10.00 Uhr Erstkommunion</p>



<p class="has-red-color has-text-color has-link-color has-medium-font-size wp-elements-15e7469768ab94cd855eee23df31e9ba"><strong>01.05.2026  1. MAI &#8211; schulfrei</strong></p>



<p class="has-medium-font-size"><strong>04.05.2026: </strong>Südwind-Workshop &#8222;Was isst die Welt?&#8220;</p>



<p class="has-medium-font-size"><strong>11.05.2026:</strong> Wilder Wind-Workshop für die 3. und 4. Schulstufe</p>



<p class="has-red-color has-text-color has-link-color has-medium-font-size wp-elements-36838e53c90b636b52079563a8c4554b"><strong>14.05.2026 CHRISTI HIMMELFAHRT &#8211; schulfrei</strong> </p>



<p class="has-red-color has-text-color has-link-color has-medium-font-size wp-elements-fd8cef2cad422bc0afd9f75c769bbf68"><strong>25.05.2026 PFINGSTMONTAG &#8211; schulfrei</strong></p>



<p class="has-medium-font-size"><strong>03.06.2026:</strong> Bewegte Klasse</p>



<p class="has-red-color has-text-color has-link-color has-medium-font-size wp-elements-50c9d00d90d6b1bd883a7ccb8321a272"><strong>04.06.2026 FRONLEICHNAM &#8211; schulfrei</strong></p>



<p class="has-red-color has-text-color has-link-color has-medium-font-size wp-elements-7e99e4e52aa78c15b79de1ee850cc205"><strong>05.06.2026 SCHULAUTONOMER FREIER TAG</strong></p>



<p class="has-medium-font-size"><strong>19.06.2026: </strong>Fahrt zum Keltenfest nach Schwarzenbach</p>



<p class="has-text-align-left has-medium-font-size">                         Spielefest des Elternvereins</p>



<p class="has-medium-font-size"><strong>03.07.2026: </strong>Zeugnis</p>



<p></p>

<p>Herzlich willkommen im neuen Schuljahr 2025/26! 01.09.2025: 1. Schultag mit Schulmesse um 08.00 Uhr in der Bergkirche 04.09.2025: 17.30 Uhr Klassenforum 06.10.2025: Verkehrserziehung für die 1. Schulstufe 20.10.2025: Helmi kommt zur 1. und 2. Schulstufe. 24.10.2025: Tag der offenen Tür an der Mittelschule Scheiblingkirchen für die 4. Schulstufe. 27.10.2025 bis 02.11.2025 HERBSTFERIEN 07.11.2025: Kroko kommt &hellip; <a href="https://vsbromberg.ac.at/?page_id=30" class="more-link"><span class="screen-reader-text">Termine</span> weiterlesen <span class="meta-nav">&rarr;</span></a></p>
